lue of 6 + (1 - -1) - (14 - (-34 + (1 - -21)))?
-18
What is the value of 9 - (44 + (-47 - -14))?
-2
(-40 - -2) + 0 + 7398 + -7408
-48
What is the value of 5 + (58 - 44) + -69 + 11?
-39
63 + -1 - (962 - 889)
-11
-29 + (-18 - -37) + -70
-80
What is the value of 115 - (-21 + (-10 - (-3 + -74)))?
69
Calculate -51 - (-50 - -2) - 22.
-25
Evaluate (23 - 223) + -290 + 433.
-57
Evaluate 13 + (572 - 586) + 34 + 1.
34
What is -10 + 106 + -61 + -97?
-62
Calculate (-2 - (8 - (14 + 5)) - 6) + -68.
-65
What is the value of 3410 - 3431 - (29 + 2 + -4)?
-48
Evaluate (25 - 28 - -12) + 29.
38
What is the value of 5 + (-12 - (-13 + -6 + 13 - -12))?
-13
Calculate -52 + 11 - -4 - 16 - 11 - (-6 + -2).
-56
Evaluate ((-3 - 1) + (2 - 11) - (178 + -205)) + -116.
-102
10 - (33 + 28) - -105
54
Evaluate -40 + (2 + -1 + 5 - (-100 - -100)) + 1.
-33
Calculate 35 + 4 + (28 - 18) + -30.
19
Evaluate (0 - 48) + -2 - ((38 - (67 + -45)) + -14).
-52
What is the value of 62 + 24 - (5 - -166)?
-85
What is -1 - ((3 - 3) + -54) - (21 + (-34 - -23))?
43
What is the value of (45 - 5 - (-29 - -5)) + -42?
22
(-6 - -57) + (82 + -45 - 15)
73
24 + -1 + (8468 - 8591)
-100
What is the value of (38 - (-3 - (-31 - -25))) + -48?
-13
What is the value of -1 + -16 + ((6 - 1) + -1 - 8 - -10)?
-11
Evaluate -168 + 162 + (0 - -9) - 15 - 7.
-19
Calculate 26 + -99 - (-2 - 68).
-3
What is the value of -7 + -16 - (12 + (0 - -7))?
-42
What is the value of -19 - (-68 - (-73 - 28))?
-52
What is (52 - (70 + 6)) + 16?
-8
What is 7 + (40 - 11 - 4) - 14?
18
18 + 2 + (229 - 219) + -17
13
-14 + (9 + 0 + -248 + 314 - 11)
50
Calculate -51 + (58 - -29) - 6.
30
Evaluate 62 + (16 + 4 + -18 + -2 - 7).
55
What is -9 + 46 + -49 + 8 + 0 - (1 - 2)?
-3
What is 58 - (-37 + 66) - 64?
-35
What is the value of (-3 - -12 - (-71 - -47)) + (29 - 12)?
50
Calculate 27 + 1 + (60 - (79 + -38)).
47
What is the value of (-1 - -50) + (-5040 - -5100)?
109
What is 21 + 53 + -44 + (5 - (-7 - -18))?
24
What is 33 - (23 + (6 - -4) + -28)?
28
Evaluate (-36 - (48 + -95)) + 27.
38
Calculate (-8 - -17 - -8) + (12 + 33 - 49).
13
Calculate 58 + (16 + -32 - (-18 + 1)) + 11.
70
What is the value of 46 - ((-25 - 13) + 25 - -4)?
55
What is (-15 - 3) + 64 + 22 + -12 + 6 + 20?
82
What is the value of (68 - 75) + 3 - (0 - -32)?
-36
What is the value of 16 + 35 - (-10 - -41)?
20
Evaluate 57 + 2 + -40 + -13 + (0 - 0).
6
10 + 38 + -2 + -2 + 733 + -733
44
What is the value of 4 + -16 + 40 + -17 + 59 + -4?
66
-44 + 35 + -4 + 5 + 7 - -18
17
Calculate (10 + -25 + 7 - (12 - 9 - -4)) + 0.
-15
What is the value of (8 + -12 + -10 - (-31 + 14)) + 5 - 67?
-59
Evaluate (45 + (38 - 53) - 121) + (-17 - -2).
-106
What is 27 + (-78 - -33) - (-53 - -6 - -3)?
26
Evaluate -142 + 124 - (-3 - 20) - (1 - -10).
-6
Evaluate (-11 - -5 - -5) + (1 + 9 - (4 - 7)).
12
What is the value of (-2 - (16 + -10) - 4) + 74 + 11?
73
-140 - (-167 - (-13 + 72))
86
What is -30 + 1 - (7 + (2 - -14 - (-2 - -28)))?
-26
Evaluate -9 + (0 - (1 + -2)) + 74 + -44 + 28.
50
85 + (-58 - (-14 + (-21 - -5)))
57
Evaluate -2 + 3 - (1 + 11) - (-128 + 61 + -16).
72
What is (0 - -28) + (-82 - -115 - 93)?
-32
-23 + 3 + -3 + (68 - (-19 + 77))
-13
What is the value of (11 - -15) + -63 + (-4 - -25) + -8?
-24
-182 + 184 + 0 + -14 - 0 - 3
-15
Evaluate -32 - (56 + -74 + -149).
135
Evaluate -19 - (-62 + 14 + -9).
38
Evaluate -32 + (-29 - -49) - -28 - 49.
-33
Evaluate (13 - (-7 + 4)) + (-3047 - -3102).
71
What is (-5 - 1 - 2) + (86 - 74) - 53?
-49
What is the value of -15 + -1 - (109 - 110) - -48?
33
What is (22 - -40) + -102 + -3?
-43
What is the value of 2 + 12 - (-35 - -2 - (-6 + (69 - 45)))?
65
What is the value of 50 - ((1 - -7 - (-78 + 97)) + (33 - 29))?
57
What is the value of 16 + (7 + -13 - -9 - 11) + 12?
20
What is the value of -7 - (58 - (25 + 33))?
-7
Evaluate (4 - -114) + (30 - 44) - (4 - (8 - -2)).
110
What is the value of (-9 - (12 + 0)) + 1 + 1 + (-190 - -191)?
-18
What is (2 - -2) + (179 + -153 - (-2 + 19))?
13
Calculate 0 - -28 - (211 - (-272 + 502)).
47
(13 - 3) + (0 - (4 - 31) - (13 + -17))
41
Evaluate 16 + (-44 - (-59 - -18)).
13
6 + -9 + 7 + -11 + (-206 - -137)
-76
Calculate -45 + -1 - (2857 - 2865).
-38
-45 + (-7 - -4) + -1549 + 1663
66
What is the value of -32 + -10 + 14 + (2 - -59)?
33
151 - -1 - (3213 - 3009)
-52
8616 - 8512 - (-2 + 37)
69
Calculate (7 - 116) + 68 + (1 - -27).
-13
What is the value of 18 - (-31 + 14) - 66?
-31
What is the value of -11 + (7 + -7 - (-1 + 4) - 3) + 6?
-11
Evaluate (12 + -19 - -16) + 11 + (-9 - -49).
60
What is -4 - (-14 - 0 - (-164 + 146))?
-8
What is the value of 56 + 14 + 0 + -5 + -2 + -18?
45
Calculate -2 + -7 - (-21 - (22 - -13)).
47
Calculate 0 - -8 - 22 - (30 + -6 + 11).
-49
Evaluate 99 + -112 + (5 + 6 - (7 - (10 + -4))).
-3
What is -58 + 78 + -47 + (-68 - 1)?
-96
(77 - (63 + -55)) + -99
-30
Calculate 60 + -65 + 1 + -38.
-42
Calculate 65 + (-8 + 1 - (-103 + 79 + 11)).
71
What is the value of -12 + 21 + -47 + 24?
-14
Evaluate 24 + (13 - 39) + -11 - -26.
13
-2193 + 2231 - (2 + 39)
-3
What is the value of 47 - (63 + -3 - 62)?
49
-17 + (70 + -43 - 49)
-39
What is the value of (-2 - 12) + -7 + 8 + -10 + -6?
-29
Evaluate -19 - (25 - -14) - -49.
-9
What is the value of 12 - (4 + -19 - (-2 + 12 + 12))?
49
Calculate 0 - (45 + (11 - 1) + (-11 - 18) + 11).
-37
Calculate (191 - 178) + -21 + -1 - (-2 + -9).
2
Evaluate -13 - (72 + (46 - 31) + -30).
-70
What is -28 + 6 + 13 + 1 + -2 - (20 + -20)?
-10
Evaluate -62 + (-1 + 2 - -2) + (-963 - -971).
-51
What is -7 + 59 + 6 + (-3 + -11 - -1)?
45
-20 + -143 - (185 - 228)
-120
Calculate 0 - -5 - (134 - (159 - 28)).
2
-7 - -2 - (-575 - -537)
33
What is the value of 39 + 23 + -45 - (-36 - 3)?
56
Calculate 99 + 36 + (-88 - 34).
13
(42 - -23) + -49 + -25 - ((0 - 0) + -9)
0
Evaluate 31 + -71 + 62 + -59.
-37
38 + (-13 - -62 - 48 - (8 - (1 + -2)))
30
What is the value of -12 + 24 - (-317 + 230)?
99
18 + 40 + (10 - -14) + -60
22
(-7 + -1 - -2 - -2) + 1745 + -1733 + -25
-17
What is the value of -12 - (28 + (11 - 15) + -9)?
-27
What is -62 - (2 + 17 - 8 - (0 + 10))?
-63
What is the value of -4 + -2 + (-336 - -337)?
-5
Calculate (-22 - -24 - -101) + -15.
88
Evaluate -55 - -1 - (15 + -9) - (31 + (-27 - -3)).
-67
Evaluate 1 - 36 - -2 - (-14 - 104 - -109).
-24
What is (2 + -1 - -17) + 554 + -547?
25
(-18 - 1) + (191 - 182) + -11
-21
Evaluate 51 - ((12 - (40 - 22)) + -12).
69
What is 6 + 2 - (31 - -123 - 147)?
1
What is the value of (-1 - (4 + -2)) + (28 - (-5 + -29 - 2))?
61
What is the value of (-50 - -136) + -58 - 13?
15
What is the value of 5 - ((-10 - -15 - -3) + -10) - 45 - 5?
-43
What is the value of 36 + -20 + (-17 - -32) + 23?
54
129 + -49 + -42 - 110
-72
Calculate -44 + (-8 - (8 - (13 - (8 + -3)))) + 6.
-46
Calculate -9 + -37 - -51 - 33.
-28
Calculate -3 + (-28 - -16 - (-19 - 3 - (25 + -28))).
4
Calculate (12 - -11) + 56 + -147.
-68
What is the value of -38 + 128 + 194 - 148?
136
What is 8 - (5 - (1 + -9 + 6 + -1))?
0
Evaluate (26 - 25) + -78 + 18.
-59
Calculate -50 - (8 + (-6 - -17) + -25 + (-2 - 1)).
-41
What is 61 + 1803 + -1817 + (-2 + 2 - -9)?
56
Calculate -7 - (13 + 13 + -20) - -21.
8
What is (27 - 4 - -3) + (-5 + 3 + 2 - -6)?
32
What is -65 - (-230 + 231 + -2 + (-3 - 1))?
-60
What is the value of 24 + -7 + -58 + 14?
-27
Calculate (-10 - (-16 + -5)) + -11 + 13 + (0 - -10).
23
What is 72 + -12 - (11 + 7)?
42
What is the value of -49 - 5 - (-151 + -12)?
109
What is -60 + 64 - (29 + (-10 - -11)) - (1 + -9)?
-18
What is the value of 37 - -2 - (2 + -41 + 37)?
41
What is the value of 1 + 0 + (12 + -2 - (82 - 45))?
-26
Calculate 4 + -2 + 34 - ((41 - 10) + -36 - -17).
24
What is -4 + 48 - 5 - 48?
-9
4 + 0 + -2 - -35 - ((31 - 16) + -8)
30
What is 138 - 0 - ((10 - 103) + 95)?
136
Evaluate -4 + (5 - (-1 + -1 + 0 + -2)) + -56.
-51
Evaluate (41 + -16 - -102) + -46.
81
Evaluate (170 - 25 - 45) + -57.
43
-31 - ((15 - 10) + 9 + (3 - 23) + 19)
-44
Calculate (18 - (19 - -26)) + 20.
-7
What is (17 - -14) + -21 + (3 - 5)?
8
8 - (5 - 0 - (-12 + (13 - -3) + 7))
14
(4 - 11 - -11) + -9 + 5 + -7 + 34
27
Evaluate (-152 - -82) + 31 + 21.
-18
Evaluate -5 + 2 + -27 + 0 + (-20 - (-5 - 18)).
-27
(-53 - -86 - (-5 + 21)) + 1
18
What is the value of (-44 + (15 - (18 + 16)) - 10) + 1 + 2?
-70
64 + -33 - 70 - (2 + 2) - (12 - 6)
-49
Evaluate 0 + 9 + (-8 - -6 - 5).
2
W